 k(-31).
-246
Let t(c) = 61678*c + 1110247. Give t(-18).
43
Let v(b) = 31*b**3 - 342*b**2 + 159*b - 1521. What is v(11)?
107
Let x(t) = t**2 + 13*t - 310. What is x(0)?
-310
Let f(j) = -5*j**2 - 578*j - 14234. Calculate f(-80).
6
Let q(u) = u**3 - 227*u**2 + 1102*u + 1085. Determine q(222).
-691
Let z(s) = s**2 + 69*s + 262. What is z(-5)?
-58
Let x(b) = -14740*b + 117951. Determine x(8).
31
Let o(r) = 4526*r - 488818. Calculate o(108).
-10
Let n(h) = -h**3 + 23*h**2 - 157*h + 3719. What is n(22)?
749
Let q(c) = 527*c - 21204. What is q(40)?
-124
Let v(d) = -12028*d + 47622. Determine v(4).
-490
Let o(b) = b**3 + 26*b**2 + 149*b + 56. Determine o(-19).
-248
Let i(w) = -15*w**2 + 6319*w + 4627. Calculate i(422).
-15
Let k(u) = -79*u - 950. Calculate k(4).
-1266
Let n(w) = 29847*w - 6118602. What is n(205)?
33
Let t(c) = 43*c**3 + 149*c**2 - 76*c - 12. What is t(-4)?
-76
Let l(n) = -16*n**2 + 2154*n - 24643. Determine l(122).
1
Let n(t) = 4*t**3 + 7*t**2 - 14*t - 4. Determine n(-7).
-935
Let m(c) = -481*c**2 + 50986*c + 1. Calculate m(106).
1
Let b(o) = -5252*o + 2557725. Give b(487).
1
Let w(o) = 11*o**2 - 2437*o - 1159. Calculate w(222).
-49
Let f(w) = 292*w**2 - 663*w + 4. Calculate f(2).
-154
Let l(s) = 409605*s + 3276862. Give l(-8).
22
Let s(y) = -19716*y**2 + 2661660*y + 8. What is s(135)?
8
Let p(o) = 2*o**3 - 275*o**2 + 155*o - 1145. Give p(137).
1321
Let d(q) = -6123*q - 244891. Determine d(-40).
29
Let h(k) = -7*k**2 - 294*k + 896. Give h(3).
-49
Let k(t) = 747*t + 75363. What is k(-101)?
-84
Let b(z) = 285*z + 11429. Give b(-40).
29
Let f(y) = -167*y**2 - 311*y - 1959. Calculate f(-6).
-6105
Let j(o) = -2292*o**2 - 187951*o - 642. Give j(-82).
-68
Let a(u) = u**3 - 33*u**2 + 417*u + 341. Calculate a(14).
2455
Let w(a) = -33*a + 4000. Calculate w(130).
-290
Let f(x) = 711*x**2 - 177040*x + 182. What is f(249)?
-67
Let z(a) = -a**3 + 177*a**2 - 2855*a - 37. What is z(18)?
89
Let k(v) = -51*v - 5085. Determine k(-86).
-699
Let o(n) = -36*n**2 - 448*n + 62. Determine o(-14).
-722
Let o(j) = -12095*j - 689369. Give o(-57).
46
Let m(o) = o**2 + 942*o + 99324. Determine m(-121).
-17
Let r(g) = g**3 - 8*g**2 + 76*g - 708. What is r(8)?
-100
Let y(v) = 6*v**2 - 274*v - 1751. What is y(-6)?
109
Let h(b) = 20464*b - 21467. What is h(1)?
-1003
Let j(p) = -p**3 + 71*p**2 - 68*p - 565. Give j(70).
-425
Let i(y) = y**3 - 200*y**2 - 13414*y + 1298. Calculate i(253).
33
Let p(d) = -11561*d + 173374. Give p(15).
-41
Let w(x) = -5*x**3 + 63*x**2 + 9*x + 4204. Determine w(16).
-4
Let i(r) = -9548*r + 152841. Determine i(16).
73
Let r(g) = g**3 - 172*g**2 - 167*g - 969. What is r(173)?
69
Let o(f) = -f**3 + 351*f**2 - 1574*f - 54021. Determine o(346).
-45
Let v(q) = -1056*q - 6500. Determine v(-6).
-164
Let r(f) = -26*f**2 - 2267*f - 235. Give r(-87).
200
Let q(c) = -3*c**3 - 1186*c**2 + 790*c - 819. Calculate q(-396).
-27
Let f(n) = -127765*n - 37946213. Determine f(-297).
-8
Let c(n) = -204*n**3 + 18569*n**2 - 458*n + 274. Determine c(91).
1
Let x(p) = 2*p**2 + 1417*p + 11198. Determine x(-8).
-10
Let j(m) = 251446*m - 2514445. Give j(10).
15
Let h(y) = 2122*y - 5721. Determine h(4).
2767
Let o(b) = -2*b**3 - 76*b**2 - 684*b - 283. Calculate o(-24).
5
Let q(m) = -m**3 - 60*m**2 - 647*m - 1110. Calculate q(-48).
2298
Let d(b) = -30934*b - 32264158. What is d(-1043)?
4
Let j(v) = 2974*v + 20844. Give j(-7).
26
Let y(s) = 8125*s - 97485. Give y(12).
15
Let f(m) = 3*m**3 + 28*m**2 - 441*m + 674. Give f(7).
-12
Let j(r) = r**3 + 10*r**2 + 776*r + 18090. What is j(-19)?
97
Let y(b) = b**3 + 193*b**2 - 1055*b - 274345. Calculate y(-191).
122
Let i(g) = -362*g - 66343. Determine i(-185).
627
Let b(l) = -18021*l - 198189. Calculate b(-11).
42
Let q(s) = -16182*s + 80919. What is q(5)?
9
Let u(b) = -4243*b + 99527. Determine u(24).
-2305
Let y(c) = 2*c**2 - 222*c - 3101. Determine y(-13).
123
Let p(y) = -4*y**3 - 426*y**2 + 258*y + 1459. What is p(-107)?
-3249
Let g(i) = 61480*i + 491717. What is g(-8)?
-123
Let g(w) = 603*w**2 - 8425*w - 227. What is g(14)?
11
Let t(n) = n**3 + 166*n**2 - 1118*n + 216393. Determine t(-179).
-18
Let h(d) = -4*d**3 + 1792*d**2 - 15803*d - 434. Determine h(439).
5
Let c(n) = 3010*n - 14715. Calculate c(6).
3345
Let i(d) = 13*d**3 + 16*d**2 + 46*d + 1. Give i(-5).
-1454
Let x(w) = -13832*w - 470378. Calculate x(-34).
-90
Let k(v) = -v**3 + 235*v**2 + 1195*v + 1259. Give k(240).
59
Let p(v) = v**3 - 6*v**2 - 69*v + 115. What is p(6)?
-299
Let g(x) = 4*x**3 + 30*x**2 - 239*x + 360. Determine g(2).
34
Let a(c) = c**2 + 415*c - 125615. Give a(203).
-161
Let u(h) = -2*h**2 - 1737*h - 15470. Give u(-9).
1
Let d(v) = -51*v**2 + 28*v + 56. Give d(-4).
-872
Let t(i) = -1457*i + 163164. What is t(112)?
-20
Let k(f) = f**3 - 69*f**2 + 53*f + 1114. Determine k(68).
94
Let f(h) = 6*h**3 + 54*h**2 + 201*h + 9. Determine f(-5).
-396
Let c(l) = -95*l**2 - 643*l + 6028. Determine c(-12).
64
Let l(o) = 2*o**2 + 568*o + 23395. What is l(-50)?
-5
Let y(i) = 146*i**2 + 1487*i + 251. Determine y(-10).
-19
Let q(p) = 57113*p - 628089. Determine q(11).
154
Let m(q) = -432*q - 23575. What is m(-54)?
-247
Let q(p) = -406*p + 20197. Determine q(49).
303
Let t(k) = k**2 + 774*k + 147445. Determine t(-339).
-20
Let p(y) = -y**3 - 374*y**2 - 2576*y - 2560. What is p(-367)?
9
Let i(w) = 3042*w + 529311. What is i(-174)?
3
Let h(r) = -r**3 - 195*r**2 - 4532*r + 569. Give h(-168).
-103
Let d(v) = 183864*v + 5148180. Give d(-28).
-12
Let r(y) = 108*y**2 - 488*y + 249. Give r(4).
25
Let y(p) = -p**3 + 278*p**2 - 18247*p + 1597. Calculate y(106).
7
Let g(d) = d**3 + 10*d**2 - 88*d - 147. What is g(-15)?
48
Let x(c) = 17*c**2 - 2142*c + 67187. What is x(67)?
-14
Let u(f) = -402*f - 18832. Give u(-37).
-3958
Let k(s) = -4*s**3 - 307*s**2 - 1367*s + 106. What is k(-72)?
34
Let a(i) = 4924*i - 34693. What is a(7)?
-225
Let n(h) = 1427*h + 29743. Determine n(-22).
-1651
Let f(i) = 42*i + 1713. Give f(-63).
-933
Let h(r) = 15985*r + 479716. What is h(-30)?
166
Let m(d) = d**2 + 1575*d + 17167. Determine m(-11).
-37
Let g(o) = 9*o**3 - o**2 + 37069*o + 74136. Determine g(-2).
-78
Let m(s) = 9*s**2 - 150*s + 8. What is m(22)?
1064
Let a(p) = p**3 - 214*p**2 + 1475*p - 5375. Determine a(207).
7
Let f(w) = 30*w**2 - 620*w - 827. Give f(22).
53
Let g(l) = -14*l**2 - 754*l - 2733. What is g(-50)?
-33
Let x(g) = 172*g**2 - 1164*g - 278. Give x(7).
2
Let m(l) = -17*l - 449. Determine m(-24).
-41
Let y(v) = 26*v**3 - 4*v**2 + 12*v + 23. Calculate y(-2).
-225
Let n(k) = -3*k**3 + 1090*k**2 + 8916*k + 49. Calculate n(-8).
17
Let g(s) = -47*s**3 + 4*s**2 + 4*s - 14. Calculate g(2).
-366
Let o(y) = 28*y**2 + 43*y + 139. Calculate o(-3).
262
Let f(v) = -3*v**2 + 10370*v + 398383. Determine f(-38).
-9
Let s(c) = -3*c**2 - 71*c - 671. What is s(-25)?
-771
Let k(o) = 1842637*o - 16583731. What is k(9)?
2
Let d(p) = -8*p**2 + 2403*p - 173823. Give d(179).
-14
Let s(z) = -2*z**3 + 5*z**2 + 751*z - 1291. Calculate s(-19).
-37
Let g(j) = -7*j**2 + 551*j - 12240. Determine g(20).
-4020
Let g(n) = -2*n**3 - 198*n**2 + 799*n + 62. Calculate g(4).
-38
Let m(x) = x**3 - 4*x**2 + 19*x - 207. Determine m(9).
369
Let l(t) = -t**3 - 92*t**2 - 2276*t - 7207. Give l(-44).
9
Let j(f) = -f**2 + 1057*f - 10426. What is j(10)?
44
Let q(z) = 11*z**3 + 8*z**2 - 1161*z - 2337. Calculate q(-2).
-71
Let t(y) = -2*y**2 + 300*y + 3702. Calculate t(-13).
-536
Let a(t) = 2*t**2 + 70*t - 600. What is a(8)?
88
Let k(q) = -485*q**2 - 104278*q - 655. Calculate k(-215).
-10
Let v(b) = -6*b**2 + 59*b + 58. What is v(14)?
-292
Let h(b) = -220055*b + 66016504. What is h(300)?
4
Let w(u) = u**3 - 2*u**2 - 949*u - 5716. Give w(-6).
-310
Let b(k) = 12*k**3 - 4*k**2 + 70*k + 83. Determine b(7).
4493
Let r(a) = -10223*a - 787179. What is r(-77)?
-8
Let c(p) = 186*p**3 + 10*p**2 + 4*p - 3. Calculate c(1).
197
Let r(x) = 5*x**3 - 54*x**2 + 1235*x - 3368. Give r(3).
-14
Let s(j) = 4758*j + 247421. Give s(-52).
5
Let z(n) = 7344*n - 29391. Determine z(4).
-15
Let o(d) = 4023*d - 555179. Determine o(138).
-5
Let q(f) = -156*f - 1561. What is q(-14)?
623
Let i(r) = 19692*r - 196912. Give i(10).
8
Let y(i) = -1990*i + 17864. What is y(9)?
-46
Let x(t) = -7*t**3 + 2270*t**2 + 3870*t + 13697. Determine x(326).
5
Let q(k) = 54*k + 943